 = d + 8. Let h be m(-4). List the prime factors of h/v*(-342)/12.
3, 19
Suppose -88024 = -2*b - i, 13*i + 44014 = b + 14*i. List the prime factors of b.
2, 3, 5, 163
Suppose 4576 + 93440 = 24*w. Let c = w - 2663. What are the prime factors of c?
7, 29
Let l = -14768 + 30014. What are the prime factors of l?
2, 3, 7, 11
Suppose 158*c = 1577622 + 879436. What are the prime factors of c?
15551
Let g(u) = -u**2 - 53*u - 293. List the prime factors of g(-46).
29
Let l = -304 + 307. Suppose -5 = 5*c, 5*c - 9*c = l*s - 1040. List the prime factors of s.
2, 3, 29
Let j(x) = -134*x + 9. Let q be j(-12). Let i = -1142 + q. What are the prime factors of i?
5, 19
Let h(p) = -18*p - 72. Suppose 5*n + 63 = -3*w, -6*n + 3*w = -2*n + 72. List the prime factors of h(n).
2, 3, 11
Let s(r) = 176*r**3 - 4*r**2 - 4*r - 1. Let k be s(-1). Let x be ((-1)/(-2))/(k/(-44) + -4). Suppose x*t - 23*t = -85. What are the prime factors of t?
5, 17
What are the prime factors of 384/832 + 917048/52?
2, 4409
Let m(a) = 3*a**2 + 71*a - 98. List the prime factors of m(40).
2, 3, 419
Let l(p) = -p**2 - 13*p + 5. Let m be l(-13). Let c(k) = k**3 + 0*k**3 + 10 + m*k + 39*k**2 - 45*k**2. What are the prime factors of c(5)?
2, 5
Let p = 439 + -115. Let l be (20/(-6))/((-8)/p). Let u = 228 - l. What are the prime factors of u?
3, 31
Let t = 7 + -4. Suppose -z = -2*z - 4*y + 90, -t*z = -3*y - 255. Suppose -39*a + z = -38*a. List the prime factors of a.
2, 43
Suppose 0 = -3*k + s + 62962, -949 + 935 = 2*s. What are the prime factors of k?
3, 5, 1399
Let u(v) = -2*v + 15. Let k be u(5). Suppose k = 4*f + 21, 0 = -2*t - 2*f + 560. List the prime factors of t.
2, 71
Let h be (-72)/6 + 5 + 402. Let p = -172 + h. List the prime factors of p.
223
Let s(d) = 4*d - 4. Let o be s(2). Let m = -140 - -695. Suppose 5*k - m = -o*f, -5*k - f + 555 = f. List the prime factors of k.
3, 37
Suppose -615 = 3*z - 5*b, 4*b - 164 = 2*z + 248. Let v = 359 + z. What are the prime factors of -4 - -2*v/6?
7
Let s(c) = -c**3 + 14*c**2 - 29*c + 14. Let b be (-5 - 225/(-35))*7. What are the prime factors of s(b)?
2, 31
Let j be 452 + 2 + 9 + -16. Suppose t - 2*b - j = 0, 5*t = -2*b - b + 2222. List the prime factors of t.
5, 89
Let h = -3438 + 6119. List the prime factors of h.
7, 383
Suppose 5 = -5*c - 5. Let w be c/((-2)/(-4) - 1). Suppose -w*v + 320 = v. List the prime factors of v.
2
Suppose -8*x + 60 = 28. Suppose x*q = 4*w - 3408, -10*w = -5*w + q - 4254. List the prime factors of w.
23, 37
Let l = -47 - 259. Suppose -2*v - 5*b + 4*b - 367 = 0, 5*b = 2*v + 373. Let q = v - l. What are the prime factors of q?
2, 61
Let o = -81 - -85. Suppose -4*k + 28 = o*a, -a + 6*k - 2 = 4*k. List the prime factors of ((-238)/(-3))/(a/6).
7, 17
What are the prime factors of 188520/14 - 44/(-154)?
2, 6733
Suppose 3*g - 11 = 1. Suppose -g*t = 0, -3*w + 9 = 4*t - 6. Suppose -3*c - 2*l + 203 = 0, -25 = w*l - 0*l. What are the prime factors of c?
71
Suppose 0 = 909*h - 904*h - 60. List the prime factors of (-16)/h*(2 + 7834/(-8)).
1303
Let x = 133 - 181. What are the prime factors of x/(-80) + (-592)/(-5)?
7, 17
Suppose m - 2 = 0, -2*m = -4*d + 37 - 9. Suppose 0 = d*l - 3179 - 2381. What are the prime factors of l?
5, 139
Let a = 233 + -237. Let x(y) = -3*y**3 - 3*y**2 + 3*y - 6. List the prime factors of x(a).
2, 3, 7
Suppose -4*l - 73*l + 458598 + 2985150 = 0. List the prime factors of l.
2, 3, 3727
Let j(n) = -145*n - 194. Let o(z) = 140*z + 194. Let t(i) = -2*j(i) - 3*o(i). List the prime factors of t(-8).
2, 3, 47
Let o = -17 - -17. Suppose -4*a - 3*f + 2068 = o, -5*a - 782 = -3*f - 3394. Suppose a = -2*g + 10*g. What are the prime factors of g?
5, 13
Suppose 112*a - 204 = 244. Let w(k) be the first derivative of -k**4/4 + 5*k**3/3 + 3*k**2/2 + 11*k - 1. List the prime factors of w(a).
3, 13
Suppose -y + 8 = 0, 778*y - 782*y + 194660 = 3*z. List the prime factors of z.
2, 7, 331
Let k(y) = 12*y**3 + 12*y**2 + 84*y + 82. What are the prime factors of k(15)?
2, 22271
Suppose 3*t = -3*o - 12, 0*o = t - 5*o + 4. Let c be t/(-10)*1 + 162/(-30). List the prime factors of (-1)/c - (4 + 2095/(-25)).
2, 5
Suppose -12 = -3*g, -28 = -7*p + 2*p - 2*g. Suppose -p*h + 342 = 74. Let q = h + 1. What are the prime factors of q?
2, 17
Suppose -4*b + 4 = -n - 3, -3*b = 2*n + 3. Suppose y = 19 + 74. List the prime factors of -5 - (-4 - n)*y.
2, 11
Let r be (-1)/(-3) - (-12)/18. Let f = 308 - 312. List the prime factors of r/f - ((-3285)/(-20))/(-1).
2, 41
Suppose -5*p = -25, -5*q + 2*p + 3055 = p. Let c be 2090/(-6) + 176/132. Let r = q + c. List the prime factors of r.
5, 53
Let w(a) = 7*a**3 - 329*a**2 - 2*a - 127. What are the prime factors of w(50)?
13, 4021
Suppose 528*b - 527*b - 4*w - 4071 = 0, 0 = -5*w + 20. What are the prime factors of b?
61, 67
Let c(t) = 489*t + 8104. List the prime factors of c(7).
11527
Let f(u) = -22*u - 70. Let g be f(-4). Suppose 1428 = -g*p + 19*p. What are the prime factors of p?
2, 3, 7, 17
Suppose -350*s - 417588 = -384*s. List the prime factors of s.
2, 3, 23, 89
Let c = 13600 - 6541. List the prime factors of c.
3, 13, 181
Let m = -2 + 2. Let x be m + -521 - 30/(-15). Let q = -363 - x. What are the prime factors of q?
2, 3, 13
Suppose 4*u - 4*c + 8 = 0, -u - 5*c + 31 - 9 = 0. Let s(y) = -29*y**2 + 58*y**2 + 4*y - 28*y**u - 15. What are the prime factors of s(10)?
5
Let x = -810 + 1215. Suppose k - 10*k = -x. What are the prime factors of (-10)/k + ((-2996)/18)/(-2)?
83
Suppose 3*b - 2*d - 2*d = 1297, 3*d - 2123 = -5*b. Let i = -279 + b. List the prime factors of i.
2, 37
Let l = -538 + 542. Suppose -4*f - f + l*k = -3250, -2*f + 1307 = -3*k. List the prime factors of f.
2, 17, 19
Let c(l) = l**3 - 12*l**2 + 9*l - 15. Let b be c(11). Let t = 7 + b. List the prime factors of (t*2)/((-9)/12) - 2.
2, 3, 13
Suppose 2*n + b + 3*b = 8944, 2*n = 4*b + 8976. Let z = n - 1312. Suppose -16*l + z = 480. What are the prime factors of l?
2, 3, 7
List the prime factors of (-54859)/(-3) + (-18)/(-243)*9.
18287
Let g(z) = 6*z**2 + 91*z - 1118. List the prime factors of g(-61).
3, 17, 307
Let s = 472 - 470. List the prime factors of (-445)/(-10) - s/(-4) - -3.
2, 3
Let r = -123 + 314. Suppose -3*u + 943 = -4*i, 3*i + 120 = u - r. What are the prime factors of u?
317
Suppose 5*v + 3*w + w - 41 = 0, 0 = 5*v + 2*w - 33. Suppose -2*l + 538 = v*j, 0*l + 287 = l - 2*j. List the prime factors of l.
3, 31
Suppose 0*w - w - 13 = -3*d, 0 = -3*w - 12. Suppose 0 = -f - d*f - f. Suppose y + 4*l - 65 = 0, y + 3*y + 2*l - 274 = f. List the prime factors of y.
3, 23
Let v be 8727840/216 + ((-2)/(-6) - 1). Suppose -v = -45*d - 9851. What are the prime factors of d?
7, 97
Let b(s) = 7707*s - 455. List the prime factors of b(2).
7, 2137
Let w(g) = 1872*g**2 - 64*g - 150. What are the prime factors of w(-2)?
2, 3733
Let v be (-5238)/(-10) - 1/(-5). Suppose -n - n = -v. What are the prime factors of n/2*18/18?
131
Suppose 2*t + a = t + 1066, -1065 = -t - 2*a. Suppose 6*d = -5*d + t. List the prime factors of d.
97
Let t(h) be the third derivative of 17*h**5/60 - 13*h**4/12 + 3*h**3/2 + 8*h**2 - 5*h. What are the prime factors of t(7)?
2, 3, 5, 11
Suppose -3*r = -3724 - 731. Suppose 19*g - r = 8*g. What are the prime factors of g?
3, 5
Let g(q) = -1 + 0*q**3 + 2 + 6*q**3. Suppose -j + 130 = -4*w + 149, 21 = j + 4*w. List the prime factors of g(j).
7
Let p(c) = 5*c**3 - 10*c**2 + 38*c + 83. What are the prime factors of p(14)?
3, 5, 11
Let y(w) = -1720*w**3 - 8*w**2 - 16*w - 9. What are the prime factors of y(-2)?
13751
Let v be (-191)/3 + 4/6. Suppose p = -2*q + 108, 4*q - 254 - 74 = -3*p. Let y = v + p. List the prime factors of y.
7
Suppose -95194 = -204*n + 102*n + 100*n. List the prime factors of n.
11, 4327
Suppose 18*c - 25455 - 17313 = 0. Suppose 39*j - 35*j = c. What are the prime factors of j?
2, 3, 11
Let c(r) = 1459*r - 2906. What are the prime factors of c(12)?
2, 7, 149
Suppose -146*y + 148*y - 7820 = -r, -r + 7815 = -3*y. List the prime factors of r.
2, 3, 1303
Suppose 5*t - 56 = -91, 0 = 5*j + 2*t - 161646. List the prime factors of j.
2, 59, 137
Let t = 184 + -156. Suppose -t*w - 81681 = -85*w. List the prime factors of w.
1433
Let w = -14113 - -26725. What are the prime factors of w?
2, 3, 1051
Suppose 35*u - 197200 = 10*